{"id":54,"date":"2009-01-08T17:53:27","date_gmt":"2009-01-08T17:53:27","guid":{"rendered":"http:\/\/quark.fis.uc.pt\/?page_id=54"},"modified":"2015-12-08T16:02:14","modified_gmt":"2015-12-08T16:02:14","slug":"participantes","status":"publish","type":"page","link":"https:\/\/quark.fis.uc.pt\/?page_id=54","title":{"rendered":"Participantes"},"content":{"rendered":"<p>Ana Paula Martins Carvalho<br \/>\nAna Raquel Mateus Rita Vilhena<br \/>\nAna Rita Cavalinhos Gavancha<br \/>\nAna Sofia Moreira Ribeiro<br \/>\nAna Tedim Ferreira<br \/>\nAndr\u00e9 Alexandre Ferreira Salvada<br \/>\nAndr\u00e9 Miguel Lopes Miranda<br \/>\n\u00c2ngela Cravo Guerra<br \/>\nAnt\u00f3nio Lucas Robalo Martins<br \/>\nBruno Filipe Silva de Oliveira<br \/>\nBruno Schmitt Balthazar<br \/>\nCarlos Miguel Marques do Ros\u00e1rio<br \/>\nCristiane Pais Macedo<br \/>\nDaniel Ricardo Ferreira<br \/>\nDenis Gaspar Nogueira da Silva<br \/>\nFrancisca Santos Pinho Costa<br \/>\nFrancisco Xavier Moreira Huhn<br \/>\nGon\u00e7alo Pereira da Silva Tiago<br \/>\nGuilherme Magalh\u00e3es Moreira Coelho<br \/>\nHenrique Manuel Pereira Cabral<br \/>\nHugo Monteiro Freire<br \/>\nJoana Carvalho Cachapa<br \/>\nJo\u00e3o Ab\u00edlio Aranda Marta Almeida<br \/>\nJo\u00e3o Casimiro Gon\u00e7alves Ferreira<br \/>\nJo\u00e3o Filipe Dias Guerreiro<br \/>\nJo\u00e3o Morais Carreira Pereira<br \/>\nJo\u00e3o Pedro Alves da Silva<br \/>\nJo\u00e3o Pedro Louren\u00e7o Coelho<br \/>\nJo\u00e3o Pedro Teixeira Silvestre<br \/>\nJoaquim Miguel Correia Salgueiro<br \/>\nJos\u00e9 Jorge Proen\u00e7a Varanda Marques<br \/>\nMaria Beatriz Alves de Sousa Ferreira<br \/>\nMaria Ioque Han Veiga<br \/>\nMariana Alves Vargas<br \/>\nMariana Palminha Gabriel<br \/>\nM\u00e1rio S\u00e9rgio de Melo Nogueira Figueiredo Gomes<br \/>\nMarta Patr\u00edcia Calado Mariano<br \/>\nMarvin Fernandes da Silva<br \/>\nNuno Bernardo Gon\u00e7alves Falc\u00e3o e Cunha<br \/>\nPedro Alves de Magalh\u00e3es Feij\u00f3<br \/>\nPedro Filipe Rebelo Guiomar<br \/>\nPedro Manuel Sabino Rocha<br \/>\nPedro Manuel Santos Borges<br \/>\nPedro Miguel de Castro Borlido<br \/>\nPedro Miguel Sim\u00f5es<br \/>\nRicardo Jos\u00e9 Cardoso do Amaral<br \/>\nRodrigo Paiva Tavares<br \/>\nR\u00faben Pinto Aguiar<br \/>\nSagar Dipak Silva Pratapsi<br \/>\nTiago Miguel Pereira Rebelo<br \/>\nVer\u00f3nica Frias de Matos<br \/>\nV\u00edtor Carlos Pinto de Freitas<\/p>\n","protected":false},"excerpt":{"rendered":"<p>Ana Paula Martins Carvalho Ana Raquel Mateus Rita Vilhena Ana Rita Cavalinhos Gavancha Ana Sofia Moreira Ribeiro Ana Tedim Ferreira Andr\u00e9 Alexandre Ferreira Salvada Andr\u00e9 Miguel Lopes Miranda \u00c2ngela Cravo Guerra Ant\u00f3nio Lucas Robalo Martins Bruno Filipe Silva de Oliveira Bruno Schmitt Balthazar Carlos Miguel Marques do Ros\u00e1rio Cristiane Pais Macedo Daniel Ricardo Ferreira Denis&#8230; <\/p>\n<div class=\"read-more navbutton\"><a href=\"https:\/\/quark.fis.uc.pt\/?page_id=54\">Read More<i class=\"fa fa-angle-double-right\"><\/i><\/a><\/div>\n","protected":false},"author":1,"featured_media":0,"parent":44,"menu_order":0,"comment_status":"closed","ping_status":"closed","template":"","meta":{"footnotes":""},"class_list":["post-54","page","type-page","status-publish","hentry"],"_links":{"self":[{"href":"https:\/\/quark.fis.uc.pt\/index.php?rest_route=\/wp\/v2\/pages\/54","targetHints":{"allow":["GET"]}}],"collection":[{"href":"https:\/\/quark.fis.uc.pt\/index.php?rest_route=\/wp\/v2\/pages"}],"about":[{"href":"https:\/\/quark.fis.uc.pt\/index.php?rest_route=\/wp\/v2\/types\/page"}],"author":[{"embeddable":true,"href":"https:\/\/quark.fis.uc.pt\/index.php?rest_route=\/wp\/v2\/users\/1"}],"replies":[{"embeddable":true,"href":"https:\/\/quark.fis.uc.pt\/index.php?rest_route=%2Fwp%2Fv2%2Fcomments&post=54"}],"version-history":[{"count":5,"href":"https:\/\/quark.fis.uc.pt\/index.php?rest_route=\/wp\/v2\/pages\/54\/revisions"}],"predecessor-version":[{"id":415,"href":"https:\/\/quark.fis.uc.pt\/index.php?rest_route=\/wp\/v2\/pages\/54\/revisions\/415"}],"up":[{"embeddable":true,"href":"https:\/\/quark.fis.uc.pt\/index.php?rest_route=\/wp\/v2\/pages\/44"}],"wp:attachment":[{"href":"https:\/\/quark.fis.uc.pt\/index.php?rest_route=%2Fwp%2Fv2%2Fmedia&parent=54"}],"curies":[{"name":"wp","href":"https:\/\/api.w.org\/{rel}","templated":true}]}}