{"id":2494,"date":"2022-01-28T23:21:34","date_gmt":"2022-01-28T23:21:34","guid":{"rendered":"https:\/\/quark.fis.uc.pt\/?page_id=2494"},"modified":"2022-01-28T23:30:16","modified_gmt":"2022-01-28T23:30:16","slug":"participantes","status":"publish","type":"page","link":"https:\/\/quark.fis.uc.pt\/?page_id=2494","title":{"rendered":"Participantes"},"content":{"rendered":"\n<p>Afonso Jos\u00e9 de Carvalho Bandeira<\/p>\n\n\n\n<p>Afonso Paredes Dias<\/p>\n\n\n\n<p>Ana In\u00eas Barbeiro Casimiro<\/p>\n\n\n\n<p>Ana Mafalda Mendes Vieira<\/p>\n\n\n\n<p>Ana Rita Pestana Freitas Correia Moura<\/p>\n\n\n\n<p>Andr\u00e9 Filipe Magalh\u00e3es Teixeira<\/p>\n\n\n\n<p>Andr\u00e9&nbsp;Miguel Carmo&nbsp;Lopes<\/p>\n\n\n\n<p>Ant\u00f3nio Nascimento Almeida<\/p>\n\n\n\n<p>Ant\u00f3nio Pedro&nbsp;Pinela Lan\u00e7\u00e3o<\/p>\n\n\n\n<p>B\u00e1rbara Santos Ferreira<\/p>\n\n\n\n<p>Beatriz dos Santos Freitas Marques Moura<\/p>\n\n\n\n<p>Benedita Ferreira Machado<\/p>\n\n\n\n<p>Bruno Miguel Marujo Vilas-Boas<\/p>\n\n\n\n<p>Carlos Rafael Rodrigues Poceiro<\/p>\n\n\n\n<p>Diana Isabel de Sei\u00e7a Mota<\/p>\n\n\n\n<p>Diogo Porto Pires Infante de Oliveira<\/p>\n\n\n\n<p>Duarte Filipe Monteiro Tavares<\/p>\n\n\n\n<p>Duarte Pedro da Silva Tom\u00e9 Guimar\u00e3es<\/p>\n\n\n\n<p>Filipe Gon\u00e7alves Neves Gaio<\/p>\n\n\n\n<p>Francisco Galv\u00e3o Dias Garcia<\/p>\n\n\n\n<p>Francisco Samuel Monteiro Pereira<\/p>\n\n\n\n<p>Gabriel Lu\u00eds Bento Grosso Leit\u00e3o<\/p>\n\n\n\n<p>Gustavo Miguel Serra de Carvalho<\/p>\n\n\n\n<p>In\u00eas Marques Machado<\/p>\n\n\n\n<p>Jinghao Ye<\/p>\n\n\n\n<p>Jo\u00e3o Afonso Monteiro Tavares<\/p>\n\n\n\n<p>Jo\u00e3o Manuel da Fonseca Nave<\/p>\n\n\n\n<p>Jo\u00e3o Miguel Cunha Galhardo<\/p>\n\n\n\n<p>Jo\u00e3o Miguel Martins Guilherme<\/p>\n\n\n\n<p>Jo\u00e3o Roberto Henriques N\u00f3brega<\/p>\n\n\n\n<p>Jo\u00e3o Sim\u00f5es dos Santos<\/p>\n\n\n\n<p>Jorge Miguel Bastos da Costa<\/p>\n\n\n\n<p>Jos\u00e9 Afonso da Silva Domingues de Moura<\/p>\n\n\n\n<p>Jos\u00e9 Afonso Paiva Machado de Ara\u00fajo<\/p>\n\n\n\n<p>Jos\u00e9 Gon\u00e7alo Ferreira Agostinho Machado<\/p>\n\n\n\n<p>Jos\u00e9 Pedro Cabral Prata<\/p>\n\n\n\n<p>Jos\u00e9 Silva<\/p>\n\n\n\n<p>Lara Alexandre Ballesteros Pereira Branco<\/p>\n\n\n\n<p>Leonardo Marques Albuquerque Caiano Tavares<\/p>\n\n\n\n<p>Lu\u00eds Pedro Gomes Macedo<\/p>\n\n\n\n<p>Mafalda Maria Ferreira da Silva<\/p>\n\n\n\n<p>Margarida Maria Amaral P\u00f3lvora Doutor da Fonseca<\/p>\n\n\n\n<p>Margarida Maria Cardoso Ferreira dos Santos Saraiva<\/p>\n\n\n\n<p>Miguel Andr\u00e9 Lima Abrantes Brito<\/p>\n\n\n\n<p>Mikhail Evgenievich Pchelin<\/p>\n\n\n\n<p>Pedro Miguel Sousa Coelho<\/p>\n\n\n\n<p>Rita Guerra Faria da Cunha<\/p>\n\n\n\n<p>Sara Gomes Vieira<\/p>\n\n\n\n<p>Tiago Andr\u00e9 Lopes Mendes<\/p>\n\n\n\n<p>Tiago Oliveira Marques<\/p>\n","protected":false},"excerpt":{"rendered":"<p>Afonso Jos\u00e9 de Carvalho Bandeira Afonso Paredes Dias Ana In\u00eas Barbeiro Casimiro Ana Mafalda Mendes Vieira Ana Rita Pestana Freitas Correia Moura Andr\u00e9 Filipe Magalh\u00e3es Teixeira Andr\u00e9&nbsp;Miguel Carmo&nbsp;Lopes Ant\u00f3nio Nascimento Almeida Ant\u00f3nio Pedro&nbsp;Pinela Lan\u00e7\u00e3o B\u00e1rbara Santos Ferreira Beatriz dos Santos Freitas Marques Moura Benedita Ferreira Machado Bruno Miguel Marujo Vilas-Boas Carlos Rafael Rodrigues Poceiro Diana&#8230; <\/p>\n<div class=\"read-more navbutton\"><a href=\"https:\/\/quark.fis.uc.pt\/?page_id=2494\">Read More<i class=\"fa fa-angle-double-right\"><\/i><\/a><\/div>\n","protected":false},"author":1,"featured_media":0,"parent":2491,"menu_order":0,"comment_status":"closed","ping_status":"closed","template":"","meta":{"footnotes":""},"class_list":["post-2494","page","type-page","status-publish","hentry"],"_links":{"self":[{"href":"https:\/\/quark.fis.uc.pt\/index.php?rest_route=\/wp\/v2\/pages\/2494","targetHints":{"allow":["GET"]}}],"collection":[{"href":"https:\/\/quark.fis.uc.pt\/index.php?rest_route=\/wp\/v2\/pages"}],"about":[{"href":"https:\/\/quark.fis.uc.pt\/index.php?rest_route=\/wp\/v2\/types\/page"}],"author":[{"embeddable":true,"href":"https:\/\/quark.fis.uc.pt\/index.php?rest_route=\/wp\/v2\/users\/1"}],"replies":[{"embeddable":true,"href":"https:\/\/quark.fis.uc.pt\/index.php?rest_route=%2Fwp%2Fv2%2Fcomments&post=2494"}],"version-history":[{"count":2,"href":"https:\/\/quark.fis.uc.pt\/index.php?rest_route=\/wp\/v2\/pages\/2494\/revisions"}],"predecessor-version":[{"id":2497,"href":"https:\/\/quark.fis.uc.pt\/index.php?rest_route=\/wp\/v2\/pages\/2494\/revisions\/2497"}],"up":[{"embeddable":true,"href":"https:\/\/quark.fis.uc.pt\/index.php?rest_route=\/wp\/v2\/pages\/2491"}],"wp:attachment":[{"href":"https:\/\/quark.fis.uc.pt\/index.php?rest_route=%2Fwp%2Fv2%2Fmedia&parent=2494"}],"curies":[{"name":"wp","href":"https:\/\/api.w.org\/{rel}","templated":true}]}}

<p>Afonso José de Carvalho Bandeira</p>



<p>Afonso Paredes Dias</p>



<p>Ana Inês Barbeiro Casimiro</p>



<p>Ana Mafalda Mendes Vieira</p>



<p>Ana Rita Pestana Freitas Correia Moura</p>



<p>André Filipe Magalhães Teixeira</p>



<p>André&nbsp;Miguel Carmo&nbsp;Lopes</p>



<p>António Nascimento Almeida</p>



<p>António Pedro&nbsp;Pinela Lanção</p>



<p>Bárbara Santos Ferreira</p>



<p>Beatriz dos Santos Freitas Marques Moura</p>



<p>Benedita Ferreira Machado</p>



<p>Bruno Miguel Marujo Vilas-Boas</p>



<p>Carlos Rafael Rodrigues Poceiro</p>



<p>Diana Isabel de Seiça Mota</p>



<p>Diogo Porto Pires Infante de Oliveira</p>



<p>Duarte Filipe Monteiro Tavares</p>



<p>Duarte Pedro da Silva Tomé Guimarães</p>



<p>Filipe Gonçalves Neves Gaio</p>



<p>Francisco Galvão Dias Garcia</p>



<p>Francisco Samuel Monteiro Pereira</p>



<p>Gabriel Luís Bento Grosso Leitão</p>



<p>Gustavo Miguel Serra de Carvalho</p>



<p>Inês Marques Machado</p>



<p>Jinghao Ye</p>



<p>João Afonso Monteiro Tavares</p>



<p>João Manuel da Fonseca Nave</p>



<p>João Miguel Cunha Galhardo</p>



<p>João Miguel Martins Guilherme</p>



<p>João Roberto Henriques Nóbrega</p>



<p>João Simões dos Santos</p>



<p>Jorge Miguel Bastos da Costa</p>



<p>José Afonso da Silva Domingues de Moura</p>



<p>José Afonso Paiva Machado de Araújo</p>



<p>José Gonçalo Ferreira Agostinho Machado</p>



<p>José Pedro Cabral Prata</p>



<p>José Silva</p>



<p>Lara Alexandre Ballesteros Pereira Branco</p>



<p>Leonardo Marques Albuquerque Caiano Tavares</p>



<p>Luís Pedro Gomes Macedo</p>



<p>Mafalda Maria Ferreira da Silva</p>



<p>Margarida Maria Amaral Pólvora Doutor da Fonseca</p>



<p>Margarida Maria Cardoso Ferreira dos Santos Saraiva</p>



<p>Miguel André Lima Abrantes Brito</p>



<p>Mikhail Evgenievich Pchelin</p>



<p>Pedro Miguel Sousa Coelho</p>



<p>Rita Guerra Faria da Cunha</p>



<p>Sara Gomes Vieira</p>



<p>Tiago André Lopes Mendes</p>



<p>Tiago Oliveira Marques</p>

<p>Afonso José de Carvalho Bandeira Afonso Paredes Dias Ana Inês Barbeiro Casimiro Ana Mafalda Mendes Vieira Ana Rita Pestana Freitas Correia Moura André Filipe Magalhães Teixeira André&nbsp;Miguel Carmo&nbsp;Lopes António Nascimento Almeida António Pedro&nbsp;Pinela Lanção Bárbara Santos Ferreira Beatriz dos Santos Freitas Marques Moura Benedita Ferreira Machado Bruno Miguel Marujo Vilas-Boas Carlos Rafael Rodrigues Poceiro Diana&#8230; </p>
<div class="read-more navbutton"><a href="https://quark.fis.uc.pt/?page_id=2494">Read More<i class="fa fa-angle-double-right"></i></a></div>
