{"id":178,"date":"2010-12-10T18:43:21","date_gmt":"2010-12-10T18:43:21","guid":{"rendered":"http:\/\/quark.fis.uc.pt\/?page_id=178"},"modified":"2013-02-27T17:53:18","modified_gmt":"2013-02-27T17:53:18","slug":"participantes","status":"publish","type":"page","link":"https:\/\/quark.fis.uc.pt\/?page_id=178","title":{"rendered":"Participantes"},"content":{"rendered":"<p>Alexandre Mira Pombo<br \/>\nAna Lu\u00edsa Delgado de Aguilar Botelho Rocha<br \/>\nAndr\u00e9 Al\u00e7ada Fernandes<br \/>\nAndr\u00e9 Calado Coroado<br \/>\nArtur Lu\u00eds Lopes Gon\u00e7alves da Provid\u00eancia e Costa<br \/>\nB\u00e1rbara Teixeira de Sousa Coelho da Mota<br \/>\nBernardo Emanuel Figueiredo Marques<br \/>\nBernardo Pascoal Figueiredo<br \/>\nBernardo Proen\u00e7a Ferreira<br \/>\nBruno Rodrigues Pacheco Murta<br \/>\nCarolina Almeida Duarte<br \/>\nCatarina Ana\u00edsa Gon\u00e7alves Melita<br \/>\nClara Maria Mansilha Nogueira da Cunha<br \/>\nEmanuel Almeida Crespo<br \/>\nEmanuel \u00c2ngelo Carvalho<br \/>\nEmanuel Jos\u00e9 Campina Alves Baptista<br \/>\nF\u00e1bio Daniel Moreira Barbosa<br \/>\nFrancisco Leal Machado<br \/>\nGon\u00e7alo Cardoso Rodrigues Bonif\u00e1cio V\u00edtor<br \/>\nGon\u00e7alo Nuno Marques Andrade<br \/>\nHenrique Silva Fernandes<br \/>\nHugo Miguel Guedes Pereira dos Santos<br \/>\nJo\u00e3o Gon\u00e7alo Filipe Manito<br \/>\nJo\u00e3o Matias Marques<br \/>\nJo\u00e3o Paulo Pires Dinis<br \/>\nJo\u00e3o Rafael Diniz Ramos<br \/>\nJos\u00e9 Eduardo Moreira Carneiro<br \/>\nJos\u00e9 Manuel Salazar Ribeiro<br \/>\nJos\u00e9 Nuno Azevedo Gomes Teixeira<br \/>\nJos\u00e9 Pedro Castro Fonseca<br \/>\nLeonel Morais Carreira Pereira<br \/>\nLeonor Aires Figueiredo<br \/>\nLiliana Sofia Amaral Domingues<br \/>\nLu\u00eds Filipe Correia Cleto<br \/>\nMafalda Ara\u00fajo Machado<br \/>\nManuel Maria Pacheco do Valle Pereira Cabral<br \/>\nMaria Francisca Fernandes de Valadares Souto<br \/>\nMariana Isabel Frag\u00e3o Rocha Marques<br \/>\nMariana Vaz Gomes<br \/>\nNuno Miguel Leite Pereira<br \/>\nPaula Cristiana Dias Ferradaz<br \/>\nPaula de F\u00e1tima Pereira Cerqueira<br \/>\nPaulo Jos\u00e9 Pina Barreto Augusto<br \/>\nPedro Manuel Trocado Vianez<br \/>\nPedro Morais Carreira Pereira<br \/>\nRafael Eduardo da Silva Teixeira<br \/>\nRodrigo Toste Gomes<br \/>\nRui Filipe Mirra dos Santos<br \/>\nRui Miguel de Oliveira Cordeiro<br \/>\nRui Pedro Lopes de Azevedo<br \/>\nSandra Abreu Ferreira Gomes<br \/>\nShane Miguel Lennon Beato<br \/>\nSolange da Silva Nunes<br \/>\nTom\u00e9 Alexandre Peixoto de Magalh\u00e3es Fernandes Gouveia<\/p>\n","protected":false},"excerpt":{"rendered":"<p>Alexandre Mira Pombo Ana Lu\u00edsa Delgado de Aguilar Botelho Rocha Andr\u00e9 Al\u00e7ada Fernandes Andr\u00e9 Calado Coroado Artur Lu\u00eds Lopes Gon\u00e7alves da Provid\u00eancia e Costa B\u00e1rbara Teixeira de Sousa Coelho da Mota Bernardo Emanuel Figueiredo Marques Bernardo Pascoal Figueiredo Bernardo Proen\u00e7a Ferreira Bruno Rodrigues Pacheco Murta Carolina Almeida Duarte Catarina Ana\u00edsa Gon\u00e7alves Melita Clara Maria Mansilha&#8230; <\/p>\n<div class=\"read-more navbutton\"><a href=\"https:\/\/quark.fis.uc.pt\/?page_id=178\">Read More<i class=\"fa fa-angle-double-right\"><\/i><\/a><\/div>\n","protected":false},"author":1,"featured_media":0,"parent":172,"menu_order":0,"comment_status":"closed","ping_status":"open","template":"","meta":{"footnotes":""},"class_list":["post-178","page","type-page","status-publish","hentry"],"_links":{"self":[{"href":"https:\/\/quark.fis.uc.pt\/index.php?rest_route=\/wp\/v2\/pages\/178","targetHints":{"allow":["GET"]}}],"collection":[{"href":"https:\/\/quark.fis.uc.pt\/index.php?rest_route=\/wp\/v2\/pages"}],"about":[{"href":"https:\/\/quark.fis.uc.pt\/index.php?rest_route=\/wp\/v2\/types\/page"}],"author":[{"embeddable":true,"href":"https:\/\/quark.fis.uc.pt\/index.php?rest_route=\/wp\/v2\/users\/1"}],"replies":[{"embeddable":true,"href":"https:\/\/quark.fis.uc.pt\/index.php?rest_route=%2Fwp%2Fv2%2Fcomments&post=178"}],"version-history":[{"count":7,"href":"https:\/\/quark.fis.uc.pt\/index.php?rest_route=\/wp\/v2\/pages\/178\/revisions"}],"predecessor-version":[{"id":240,"href":"https:\/\/quark.fis.uc.pt\/index.php?rest_route=\/wp\/v2\/pages\/178\/revisions\/240"}],"up":[{"embeddable":true,"href":"https:\/\/quark.fis.uc.pt\/index.php?rest_route=\/wp\/v2\/pages\/172"}],"wp:attachment":[{"href":"https:\/\/quark.fis.uc.pt\/index.php?rest_route=%2Fwp%2Fv2%2Fmedia&parent=178"}],"curies":[{"name":"wp","href":"https:\/\/api.w.org\/{rel}","templated":true}]}}